he prime factors of d?
2, 47
Let u(f) = -2*f - 3. Let i be u(3). Let s be (15/i)/(10/(-12)). Suppose 0 = -5*v + j + 126, 78 = 5*v - s*v - 3*j. What are the prime factors of v?
5
Suppose -16*r + 12*r = -4, -2*y - 2*r + 298 = 0. What are the prime factors of y?
2, 37
Suppose 2*z + 162 = 3*z. Suppose -5*j - 2*d = 3*d + 235, -3*j + 4*d - z = 0. Let c = -6 - j. List the prime factors of c.
2, 11
Let s = -335 - -1536. What are the prime factors of s?
1201
Let g = -21 - -25. Suppose o + 205 = g*x - x, 3*x - 203 = -o. What are the prime factors of x?
2, 17
Suppose 653 = 2*l + 3*u, 4*l - 1300 = 2*u - 6*u. List the prime factors of l.
2, 7, 23
Let t(w) = -w**3 + 13*w**2 + 3. Let y be t(13). Suppose u + 0*a + 2*a - 56 = 0, 110 = 2*u + y*a. List the prime factors of u.
2, 13
What are the prime factors of (-55)/(-5) - (-703 + 15)?
3, 233
Let j = 229 - 152. Suppose 227 = d - 5*a, -3*d + 540 = a - j. What are the prime factors of d?
3, 23
Let s(c) = -c**3 + 25*c**2 - 3*c - 9. Let f be s(25). Let z = 158 + f. What are the prime factors of z?
2, 37
Suppose 4*t - 2 = 14. Let h be t/1 - (-12)/(-3). Suppose h = -3*y + 10*y - 371. List the prime factors of y.
53
Let i = -8 + 7. Let t = i - -3. Suppose 0*f - 2*f + 20 = -3*n, 4*n + 24 = t*f. List the prime factors of f.
2
Let v = -147 + 271. List the prime factors of v.
2, 31
Let m = 5 + -3. Suppose 6*z - z + m*p = -127, -2*z - 66 = -3*p. Let t = z + 51. List the prime factors of t.
2, 3
Let j(q) = 25*q**2 - 9*q + 49. List the prime factors of j(11).
5, 7, 17
Let m(a) = a**3 - 5*a**2 - a + 7. Let j be m(5). Suppose -4*h + 46 = -2*h. Suppose j = -y + h. What are the prime factors of y?
3, 7
Let p(h) = 2*h**2 + 2*h - 1. Let n be p(2). Suppose n = 2*j - k, 2*j + j = 3*k + 12. What are the prime factors of j?
7
Let a = 7 + -11. Let n be (-1)/a + 2301/12. Suppose -3*f - 5*m + 45 = -2*f, n = 3*f - 4*m. List the prime factors of f.
2, 3, 5
Let x = 48 + -27. Let o(p) = p**2 - 16*p + 6. List the prime factors of o(x).
3, 37
Suppose -36*w + 41*w = 4000. What are the prime factors of w?
2, 5
Let n be 0 - 9/(-3) - 5. Let k = 94 + n. What are the prime factors of k?
2, 23
Let d(h) = -h**3 - 19*h**2 + 3*h - 65. What are the prime factors of d(-21)?
2, 13, 29
Suppose 3*i + 5*o - 7897 = 0, -7332 - 3182 = -4*i + o. What are the prime factors of i?
11, 239
Suppose -8*c + 15519 = -1817. What are the prime factors of c?
11, 197
Suppose -5568 + 64176 = 33*g. What are the prime factors of g?
2, 3, 37
Suppose -h - 1 = 2*h + 2*p, 0 = -4*h + 5*p + 37. List the prime factors of 33/(-6)*(-5 + h + -2).
2, 11
Let y(z) = -z**3 - 5*z**2 + 2*z - 6. Let l be y(-6). Suppose l*t = 14*t + 12. Suppose 20 = 8*m - t*m. List the prime factors of m.
2
Let o = -456 + 1392. List the prime factors of o.
2, 3, 13
Let s(g) = 10*g**3 - 4*g**2 - 7*g + 3. What are the prime factors of s(4)?
19, 29
Let j(p) = -p**3 - p**2 - 2*p. Let w(m) = 62*m**3 - 6*m**2 - 8*m + 1. Let l(s) = 4*j(s) - w(s). Suppose 3 + 2 = -5*c. What are the prime factors of l(c)?
67
Let o be (-28)/20 + 1 - (-3384)/(-15). Let p = o - -322. List the prime factors of p.
2, 3
Let d(b) be the second derivative of 3*b**3/2 - 10*b**2 + 331*b. Let o be (-3 - 0)/((-2)/6). List the prime factors of d(o).
61
Suppose -7*i = -15*i - 16. What are the prime factors of (0 + i)*63/(-2)?
3, 7
Let s = -48 + 52. Suppose t + 186 = s*t. What are the prime factors of t?
2, 31
Suppose 5*w - 12 = -3*h + 9, -5*w = 4*h - 28. Suppose 0 = d - 0*p + p - h, -3*d = -4*p - 21. What are the prime factors of d?
7
Let i(y) = y**3 - 18*y**2 + 32*y + 90. List the prime factors of i(19).
3, 353
Let m(b) = 2*b - 12. Let o be m(8). Suppose -o*w = -0*w - 264. Suppose -2*i - 18 = -3*i + 2*p, 3*i = 3*p + w. List the prime factors of i.
2, 13
Let y(w) = w**3 - 50*w**2 + 99*w - 39. List the prime factors of y(49).
2411
Suppose v = 5*v - 4*u - 588, -v - 3*u + 167 = 0. Suppose x + 3*x - v = 0. What are the prime factors of x?
2, 19
Suppose -6*p + 4540 + 2354 = 0. List the prime factors of p.
3, 383
Suppose 3*g + 5*i - 770 = -2*g, 307 = 2*g + i. Let c = g - 94. List the prime factors of c.
59
Let l(g) be the second derivative of g**4/6 - 5*g**3/6 + 2*g**2 - 7*g + 2. Let k = 3 - -1. What are the prime factors of l(k)?
2
Let k(j) = 5*j**2 - 2*j - 1. Suppose -2*c + 4*v = -29 - 1, -2*c + 2*v = -20. Let q = 4 - c. What are the prime factors of k(q)?
2, 3
Let t = -61 - -50. Let r = 120 + t. What are the prime factors of r?
109
Suppose q + 546 = c, q = -3*q. List the prime factors of c.
2, 3, 7, 13
Suppose 4198 = -3*u + 11962. List the prime factors of u.
2, 647
Suppose -4*h + 4*l = 700, -l = -3*h - 170 - 365. Let z = -85 - h. List the prime factors of z.
5, 19
Let m(i) = i**2 + 4*i + 2. Let p = 3 - 8. What are the prime factors of m(p)?
7
Let n = -66 - -72. Suppose n*s - 6 = 78. List the prime factors of s.
2, 7
Let k be (-3)/(-4) + (-17)/(-4). Let i(t) = 2*t**3 - 6*t**2 - 3*t - 10. What are the prime factors of i(k)?
3, 5
Suppose 25 = -5*u, -3*x + 880 + 3489 = 4*u. List the prime factors of x.
7, 11, 19
Suppose -8*j + 4*j - 14 = -g, 0 = 3*g + 5*j + 9. Suppose -6 - 20 = -4*p - g*t, -22 = -2*p + 2*t. List the prime factors of p.
2
Let s(v) = -v**2 - 11*v - 8. What are the prime factors of s(-10)?
2
Let q(d) = 70*d + 25. What are the prime factors of q(6)?
5, 89
List the prime factors of 42/(1*(-2)/(-48)) - 0.
2, 3, 7
Let q = -12 - -19. Suppose -5*c + 5*f + 10 = 0, -2*c + 2*f = -q*c + 31. Suppose c*v - 27 - 28 = 0. List the prime factors of v.
11
Suppose 22*o - 697 = 1657. List the prime factors of o.
107
Let h(g) = g - 8. Let d be h(13). Let r be 2 - (-4 + (d - 2)). Suppose -3*w = -2*w - r. What are the prime factors of w?
3
What are the prime factors of -2 + (-205425)/66*4/(-5)?
2, 311
What are the prime factors of 2/13 + 2876/(-52)*-6?
2, 83
Let m(i) = -365*i**3 + 3*i + 3. List the prime factors of m(-1).
5, 73
Suppose 20*v + 6 = 22*v. Suppose 0 = -6*n + v*n. Suppose n*h + 34 = h + 4*j, -h + 2 = -4*j. List the prime factors of h.
2, 3
Suppose 4*m = 3*t + 7, -5*m - 3*t - 5 = -10*m. Let w(v) = -113*v + 107*v - 4 + 8 + 0. What are the prime factors of w(m)?
2
Let j(z) = -z**3 + 47*z**2 + 105*z - 264. What are the prime factors of j(48)?
2, 3, 103
Suppose -5*o + 5 = -4*x, 0 = 4*x + 5*o - o - 4. Suppose 5*g - 48 - 17 = x. What are the prime factors of g?
13
Suppose 0 = 3*k + 18*r - 23*r - 7, -k + r = -3. List the prime factors of k.
2
Let g be (5/(-15))/((-1)/(-6)) - -527. Let y = -326 + g. List the prime factors of y.
199
Suppose 4*q + 0 = -4. Let p be (q - 0/2)*-4. Suppose -k + p*z = -8, 4*z = -3*k + 53 + 3. What are the prime factors of k?
2
Suppose -95*n + 90*n = -310. Suppose 55 = n*w - 61*w. What are the prime factors of w?
5, 11
Let d = 33 + -20. Let f be 1/(5/(-15)) - -139. Suppose -17*s + d*s = -f. List the prime factors of s.
2, 17
Let z be -1 - -16 - 0/6. Suppose -15 + 5 = -5*g. Suppose -g*u + 63 = -z. What are the prime factors of u?
3, 13
Let m(d) = -2*d**3 - 26*d**2 + 22*d + 11. List the prime factors of m(-15).
7, 83
Let z = 126 + -138. What are the prime factors of (4 + 1096/z)*-3?
2, 131
Let j = -3 + 2. Suppose -556 = 5*u - 5*a + 529, 2*u + 449 = -3*a. What are the prime factors of j/((-655)/u + -3)?
2, 11
Let a(y) = y**2 - 8*y + 2. Suppose 3*l + 21 = 6*l. Let g be a(l). Let u(j) = j + 8. What are the prime factors of u(g)?
3
Let y = -11375 - -16346. What are the prime factors of y?
3, 1657
Let g(f) = -2*f + 2. Let z be g(-1). Let b be (z - (0 + 1))*1. Suppose -5*l - 2*x + 145 = b*x, -2*x = 6. List the prime factors of l.
2
Let j be 4/14 - 5016/(-133). Let k = j + -14. What are the prime factors of k?
2, 3
Let d(f) = 3*f - 20. Let p be d(6). List the prime factors of (5/(-2) - p)/((-4)/688).
2, 43
Let g(t) = -45*t**3 - 11*t**2 - 15*t + 3. Let j(n) = -22*n**3 - 5*n**2 - 7*n + 1. Let k(l) = -3*g(l) + 7*j(l). List the prime factors of k(-2).
2, 3, 5
Let n = -13 - -15. Suppose n*y + c - 61 = -0*y, 4*y - 101 = 5*c. List the prime factors of y.
29
Let i = -331 + 356. What are the prime factors of i?
5
Let v(x) = 49*x - 20. Let k be v(5). Let c be k/(-63) - 3/7. Let z(y) = -y**3 - 4*y**2 - 4*y - 1. List the prime factors of z(c).
3, 5
Suppose -3 = -4*o + 5. Suppose 2*z = -o*z + 40. List the prime factors of z.
2, 5
Suppose 4*t = 10*o - 9*